67751 a composite number?
False
Is 139721 composite?
False
Is 589 a composite number?
True
Is 8063 prime?
False
Is 22179 a composite number?
True
Is 479 a prime number?
True
Is 61813 a composite number?
False
Is 6458 prime?
False
Is 193703 a prime number?
True
Is 291331 a prime number?
True
Is 665915 a prime number?
False
Is 1943 prime?
False
Is 11969 a composite number?
False
Is 130927 composite?
False
Is 2004493 composite?
True
Is 29101 a prime number?
True
Is 1907 a prime number?
True
Is 51193 prime?
True
Is 12353 composite?
True
Is 787 composite?
False
Is 1063721 a composite number?
False
Is 764501 a prime number?
True
Is 13057 prime?
False
Is 10645 a prime number?
False
Is 103333 a composite number?
False
Is 206977 composite?
True
Is 41771 prime?
True
Is 56773 prime?
True
Is 2099 composite?
False
Is 283049 a composite number?
True
Is 335299 prime?
True
Is 4197 a prime number?
False
Is 14977 a composite number?
True
Is 197293 composite?
False
Is 78121 a prime number?
True
Is 21701 a prime number?
True
Is 7603 a composite number?
False
Is 25609 a prime number?
True
Is 35951 a prime number?
True
Is 5381 composite?
False
Is 4106429 composite?
True
Is 5549561 composite?
False
Is 330149 a prime number?
True
Is 359791 a prime number?
False
Is 6791 composite?
False
Is 111139 composite?
True
Is 15229 prime?
False
Is 47914 a prime number?
False
Is 849 prime?
False
Is 2537 a prime number?
False
Is 272891 a composite number?
True
Is 571 a prime number?
True
Is 22409 prime?
True
Is 813543 a prime number?
False
Is 221009 a prime number?
False
Is 47359 prime?
False
Is 5779 composite?
False
Is 15191 a composite number?
True
Is 35339 a prime number?
True
Is 33107 a composite number?
False
Is 447841 composite?
False
Is 7789 prime?
True
Is 28857 a prime number?
False
Is 14509 a composite number?
True
Is 29917 a composite number?
False
Is 598259 a prime number?
False
Is 23578 prime?
False
Is 87991 composite?
False
Is 2063 composite?
False
Is 269497 prime?
False
Is 777869 a composite number?
True
Is 450897 prime?
False
Is 12587 a composite number?
True
Is 229129 composite?
True
Is 10441 prime?
False
Is 112777 prime?
False
Is 34735 a composite number?
True
Is 413069 prime?
True
Is 133135 a prime number?
False
Is 879503 prime?
False
Is 137261 a composite number?
True
Is 26627 composite?
False
Is 113599 a prime number?
False
Is 16501 a composite number?
True
Is 1378217 composite?
False
Is 233383 a prime number?
False
Is 277945 a composite number?
True
Is 75419 composite?
True
Is 9023 a prime number?
False
Is 91621 composite?
False
Is 43427 composite?
False
Is 4177 prime?
True
Is 19921 prime?
False
Is 283873 prime?
True
Is 157543 a composite number?
False
Is 12743 prime?
True
Is 56371 a composite number?
True
Is 1002797 a composite number?
False
Is 2728967 prime?
True
Is 6041 a composite number?
True
Is 160873 a prime number?
False
Is 25639 composite?
False
Is 295 a prime number?
False
Is 6387 prime?
False
Is 30631 composite?
False
Is 533447 composite?
False
Is 24493 a composite number?
True
Is 418759 a composite number?
True
Is 1733 composite?
False
Is 98353 prime?
False
Is 748589 composite?
False
Is 11695 prime?
False
Is 615921 composite?
True
Is 15143 prime?
False
Is 320179 a composite number?
False
Is 56519 prime?
True
Is 194537 prime?
False
Is 937121 prime?
True
Is 4321 composite?
True
Is 18113 a composite number?
True
Is 1697867 composite?
False
Is 8491 composite?
True
Is 7753 a composite number?
False
Is 143909 a composite number?
False
Is 5981 prime?
True
Is 437846 composite?
True
Is 2111 prime?
True
Is 2983 a composite number?
True
Is 94921 a prime number?
False
Is 9533 a prime number?
True
Is 303097 a composite number?
False
Is 428137 a prime number?
True
Is 74123 a composite number?
True
Is 96847 a composite number?
False
Is 4861 a composite number?
False
Is 281227 a prime number?
True
Is 285509 prime?
False
Is 32557 composite?
True
Is 34769 composite?
True
Is 1411 composite?
True
Is 7241 a prime number?
False
Is 16597 prime?
False
Is 7941 a prime number?
False
Is 9589 composite?
True
Is 6463 a prime number?
False
Is 26461 a prime number?
False
Is 153247 prime?
True
Is 68863 a composite number?
False
Is 217823 a prime number?
True
Is 30673 a prime number?
False
Is 171569 composite?
True
Is 282961 a composite number?
True
Is 21001 a prime number?
True
Is 178967 a prime number?
False
Is 824269 a composite number?
False
Is 316877 a composite number?
True
Is 48337 a prime number?
True
Is 1468414 prime?
False
Is 31643 prime?
True
Is 30727 a composite number?
False
Is 34583 a composite number?
False
Is 4187 a prime number?
False
Is 96001 composite?
False
Is 73411 a composite number?
True
Is 169733 composite?
False
Is 139483 composite?
False
Is 335107 prime?
True
Is 312629 a composite number?
True
Is 973127 composite?
True
Is 1905863 prime?
True
Is 746 a prime number?
False
Is 902509 composite?
True
Is 17399 prime?
False
Is 501889 prime?
True
Is 601393 a prime number?
False
Is 266077 a composite number?
True
Is 17309 a composite number?
True
Is 72299 composite?
True
Is 4222 a composite number?
True
Is 71657 a composite number?
True
Is 1969 a composite number?
True
Is 60251 prime?
True
Is 1295683 a composite number?
True
Is 268409 a composite number?
True
Is 246769 a composite number?
False
Is 163193 prime?
True
Is 148717 a prime number?
False
Is 59333 a composite number?
False
Is 10037 a composite number?
False
Is 11665 a composite number?
True
Is 6449 composite?
False
Is 82679 composite?
True
Is 15415 a composite number?
True
Is 9343 a prime number?
True
Is 18947 prime?
True
Is 75239 composite?
False
Is 34031 a composite number?
False
Is 30802 a composite number?
True
Is 255439 composite?
True
Is 18533 a composite number?
True
Is 299 a composite number?
True
Is 1211 a composite number?
True
Is 371549 a prime number?
True
Is 76017 a composite number?
True
Is 103771 prime?
False
Is 779791 a prime number?
True
Is 313267 a prime number?
True
Is 227803 prime?
False
Is 1181407 a composite number?
False
Is 343753 a composite number?
True
Is 2841 a prime number?
False
Is 55871 composite?
False
Is 595645 a composite number?
True
Is 7789 a composite number?
False
Is 246019 prime?
False
Is 492389 prime?
True
Is 1137155 prime?
False
Is 438439 prime?
True
Is 147391 a prime number?
True
Is 212777 a prime number?
True
Is 29917 a composite number?
False
Is 119507 a composite number?
True
Is 3385 composite?
True
Is 122147 a prime number?
True
Is 612371 composite?
False
Is 41183 prime?
True
Is 22431 composite?
True
Is 10646 composite?
True
Is 1324093 composite?
False
Is 54059 a composite number?
False
Is 24067 composite?
True
Is 1756709 a prime number?
True
Is 636877 a composite number?
False
Is 70991 a composite number?
False
Is 25867 composite?
False
Is 1067327 a prime number?
True
Is 1025399 a composite number?
True
Is 511549 a composite number?
False
Is 19571 a prime number?
True
Is 161263 prime?
True
Is 13726 composite?
True
Is 4909 a prime number?
True
Is 17291 a prime number?
True
Is 52147 a prime number?
True
Is 11474 a composite number?
True
Is 6421 composite?
False
Is 717 a prime number?
False
Is 7439 composite?
True
Is 283723 composite?
True
Is 155726 prime?
False
Is 329401 composite?
False
Is 23683 a prime number?
False
Is 125539 a prime number?
True
Is 8751 composite?
True
Is 925339 prime?
True
Is 17621 prime?
False
Is 27611 prime?
True
Is 54947 composite?
True
Is 29345 a prime number?
False
Is 12929 prime?
False
Is 15091 composite?
False
Is 23953 a prime number?
False
Is 5969 a prime number?
False
Is 24889 a composite number?
False
Is 66497 a composite number?
True
Is 3265 prime?
False
Is 159158 a composite number?
True
Is 773651 prime?
False
Is 252067 composite?
True
Is 7993 composite?
False
Is 13987 prime?
False
Is 379 a composite number?
False
Is 286394 a prime number?
False
Is 162467 a composite number?
True
Is 36671 prime?
True
Is 51031 a prime number?
True
Is 153451 prime?
False
Is 25433 a prime number?
False
Is 9127 a prime number?
True
Is 358499 a prime number?
True
Is 4387 composite?
True
Is 166607 a prime number?
False
Is 125907 a prime number?
False
Is 15802 a composite number?
True
Is 220217 a composite number?
False
Is 3761 a composite number?
